{"id":110,"date":"2015-03-19T15:09:33","date_gmt":"2015-03-19T14:09:33","guid":{"rendered":"http:\/\/www.karate-bry.fr\/?page_id=110"},"modified":"2019-01-05T18:10:42","modified_gmt":"2019-01-05T17:10:42","slug":"stage-en-faveur-des-restaurants-du-coeur","status":"publish","type":"page","link":"https:\/\/www.karate-bry.fr\/?page_id=110","title":{"rendered":"Stage en faveur des Restos du C\u0153ur"},"content":{"rendered":"<p><a href=\"http:\/\/karate-bry.fr\/wpress\/wp-content\/uploads\/2015\/01\/Restos-2014-Clausepsd.jpg\"><img decoding=\"async\" loading=\"lazy\" src=\"http:\/\/karate-bry.fr\/wpress\/wp-content\/uploads\/2015\/01\/Restos-2014-Clausepsd-212x300.jpg\" alt=\"Stage en faveur des Restos du Coeur avec Christian Clause 8e DAN\" class=\"size-medium wp-image-23\" width=\"212\" height=\"300\" srcset=\"https:\/\/www.karate-bry.fr\/wpress\/wp-content\/uploads\/2015\/01\/Restos-2014-Clausepsd-212x300.jpg 212w, https:\/\/www.karate-bry.fr\/wpress\/wp-content\/uploads\/2015\/01\/Restos-2014-Clausepsd-723x1024.jpg 723w, https:\/\/www.karate-bry.fr\/wpress\/wp-content\/uploads\/2015\/01\/Restos-2014-Clausepsd.jpg 787w\" sizes=\"(max-width: 212px) 100vw, 212px\" \/><\/a><\/p>\n<p>Stage exceptionnel sous la direction de Christian Clause 8\u00e8me DAN, le vendredi 28 novembre 2014 de 20h00 \u00e0 22h00 au Dojo de Nogent-sur-Marne.<\/p>\n<p>Le stage \u00e9tait gratuit, en faveur des Restaurants du C\u0153ur. Une collecte a \u00e9t\u00e9 effectu\u00e9e \u00e0 l\u2019entr\u00e9e du dojo avant le stage pour les personnes voulant faire un don.<\/p>\n<p>Les membres des Clubs de Nogent et de Bry ont r\u00e9pondu nombreux \u00e0 l&rsquo;appel.<br \/>\nLes Restaurants du C\u0153ur ont remerci\u00e9 vivement cet \u00e9lan de g\u00e9n\u00e9rosit\u00e9.<\/p>\n","protected":false},"excerpt":{"rendered":"<p>Stage exceptionnel sous la direction de Christian Clause 8\u00e8me DAN, le vendredi 28 novembre 2014 de 20h00 \u00e0 22h00 au Dojo de Nogent-sur-Marne. Le stage \u00e9tait gratuit, en faveur des Restaurants du C\u0153ur. Une collecte a \u00e9t\u00e9 effectu\u00e9e \u00e0 l\u2019entr\u00e9e du dojo avant le stage pour les personnes voulant faire un don. Les membres des [&hellip;]<\/p>\n","protected":false},"author":1,"featured_media":0,"parent":107,"menu_order":4,"comment_status":"closed","ping_status":"closed","template":"","meta":{"ngg_post_thumbnail":0,"footnotes":""},"_links":{"self":[{"href":"https:\/\/www.karate-bry.fr\/index.php?rest_route=\/wp\/v2\/pages\/110"}],"collection":[{"href":"https:\/\/www.karate-bry.fr\/index.php?rest_route=\/wp\/v2\/pages"}],"about":[{"href":"https:\/\/www.karate-bry.fr\/index.php?rest_route=\/wp\/v2\/types\/page"}],"author":[{"embeddable":true,"href":"https:\/\/www.karate-bry.fr\/index.php?rest_route=\/wp\/v2\/users\/1"}],"replies":[{"embeddable":true,"href":"https:\/\/www.karate-bry.fr\/index.php?rest_route=%2Fwp%2Fv2%2Fcomments&post=110"}],"version-history":[{"count":9,"href":"https:\/\/www.karate-bry.fr\/index.php?rest_route=\/wp\/v2\/pages\/110\/revisions"}],"predecessor-version":[{"id":624,"href":"https:\/\/www.karate-bry.fr\/index.php?rest_route=\/wp\/v2\/pages\/110\/revisions\/624"}],"up":[{"embeddable":true,"href":"https:\/\/www.karate-bry.fr\/index.php?rest_route=\/wp\/v2\/pages\/107"}],"wp:attachment":[{"href":"https:\/\/www.karate-bry.fr\/index.php?rest_route=%2Fwp%2Fv2%2Fmedia&parent=110"}],"curies":[{"name":"wp","href":"https:\/\/api.w.org\/{rel}","templated":true}]}}