{"id":752,"date":"2019-01-29T17:47:18","date_gmt":"2019-01-29T16:47:18","guid":{"rendered":"http:\/\/www.karate-bry.fr\/?page_id=752"},"modified":"2019-01-29T18:15:09","modified_gmt":"2019-01-29T17:15:09","slug":"stage-informatif-des-grades-avec-jerome-frigout","status":"publish","type":"page","link":"https:\/\/www.karate-bry.fr\/?page_id=752","title":{"rendered":"Stage informatif des grades avec J\u00e9r\u00f4me Frigout"},"content":{"rendered":"\n<div class=\"wp-block-media-text alignwide\" style=\"grid-template-columns:45% auto\"><figure class=\"wp-block-media-text__media\"><img decoding=\"async\" loading=\"lazy\" width=\"712\" height=\"1024\" src=\"http:\/\/www.karate-bry.fr\/wpress\/wp-content\/uploads\/2019\/01\/CDK94-Affiche-stages-info-grade-07022019-image-712x1024.png\" alt=\"\" class=\"wp-image-750\" srcset=\"https:\/\/www.karate-bry.fr\/wpress\/wp-content\/uploads\/2019\/01\/CDK94-Affiche-stages-info-grade-07022019-image-712x1024.png 712w, https:\/\/www.karate-bry.fr\/wpress\/wp-content\/uploads\/2019\/01\/CDK94-Affiche-stages-info-grade-07022019-image-209x300.png 209w, https:\/\/www.karate-bry.fr\/wpress\/wp-content\/uploads\/2019\/01\/CDK94-Affiche-stages-info-grade-07022019-image-768x1104.png 768w, https:\/\/www.karate-bry.fr\/wpress\/wp-content\/uploads\/2019\/01\/CDK94-Affiche-stages-info-grade-07022019-image.png 854w\" sizes=\"(max-width: 712px) 100vw, 712px\" \/><\/figure><div class=\"wp-block-media-text__content\">\n<p>Stage informatif sur le passage des grades du 1er au 4e DAN, le jeudi 7 f\u00e9vrier 2019 de 20h15 \u00e0 22h00 au Dojo de Bry-sur-Marne.<\/p>\n\n\n\n<p>Ce stage vous permettra de conna\u00eetre les nouvelles r\u00e8gles pour les diff\u00e9rents passages de grades de fa\u00e7on th\u00e9orique et pratique.<\/p>\n\n\n\n<p>Voir aussi l&rsquo;<a href=\"http:\/\/www.karate-bry.fr\/wpress\/wp-content\/uploads\/2019\/01\/CDK94-Affiche-stages-info-grade-07022019.pdf\">affiche du stage<\/a>.<\/p>\n\n\n\n<p>Venez en karat\u00e9-gi !<\/p>\n<\/div><\/div>\n\n\n\n<p><\/p>\n","protected":false},"excerpt":{"rendered":"<p>Stage informatif sur le passage des grades du 1er au 4e DAN, le jeudi 7 f\u00e9vrier 2019 de 20h15 \u00e0 22h00 au Dojo de Bry-sur-Marne. Ce stage vous permettra de conna\u00eetre les nouvelles r\u00e8gles pour les diff\u00e9rents passages de grades de fa\u00e7on th\u00e9orique et pratique. Voir aussi l&rsquo;affiche du stage. Venez en karat\u00e9-gi !<\/p>\n","protected":false},"author":1,"featured_media":750,"parent":107,"menu_order":0,"comment_status":"closed","ping_status":"closed","template":"","meta":{"ngg_post_thumbnail":0,"footnotes":""},"_links":{"self":[{"href":"https:\/\/www.karate-bry.fr\/index.php?rest_route=\/wp\/v2\/pages\/752"}],"collection":[{"href":"https:\/\/www.karate-bry.fr\/index.php?rest_route=\/wp\/v2\/pages"}],"about":[{"href":"https:\/\/www.karate-bry.fr\/index.php?rest_route=\/wp\/v2\/types\/page"}],"author":[{"embeddable":true,"href":"https:\/\/www.karate-bry.fr\/index.php?rest_route=\/wp\/v2\/users\/1"}],"replies":[{"embeddable":true,"href":"https:\/\/www.karate-bry.fr\/index.php?rest_route=%2Fwp%2Fv2%2Fcomments&post=752"}],"version-history":[{"count":5,"href":"https:\/\/www.karate-bry.fr\/index.php?rest_route=\/wp\/v2\/pages\/752\/revisions"}],"predecessor-version":[{"id":783,"href":"https:\/\/www.karate-bry.fr\/index.php?rest_route=\/wp\/v2\/pages\/752\/revisions\/783"}],"up":[{"embeddable":true,"href":"https:\/\/www.karate-bry.fr\/index.php?rest_route=\/wp\/v2\/pages\/107"}],"wp:featuredmedia":[{"embeddable":true,"href":"https:\/\/www.karate-bry.fr\/index.php?rest_route=\/wp\/v2\/media\/750"}],"wp:attachment":[{"href":"https:\/\/www.karate-bry.fr\/index.php?rest_route=%2Fwp%2Fv2%2Fmedia&parent=752"}],"curies":[{"name":"wp","href":"https:\/\/api.w.org\/{rel}","templated":true}]}}