{"id":9,"date":"2015-01-02T11:40:30","date_gmt":"2015-01-02T11:40:30","guid":{"rendered":"http:\/\/karate-bry.fr\/wpress\/?page_id=9"},"modified":"2024-07-11T20:37:54","modified_gmt":"2024-07-11T19:37:54","slug":"horaires","status":"publish","type":"page","link":"https:\/\/www.karate-bry.fr\/?page_id=9","title":{"rendered":"Horaires"},"content":{"rendered":"<h2>Cours adultes :<\/h2>\n<p><strong>Lundi et jeudi<\/strong><br \/>\nde 20h15 \u00e0 22h (d\u00e9butants et grad\u00e9s)<\/p>\n<p>Les cours sont assur\u00e9s par S\u00e9bastien BONNOT 6e DAN<\/p>\n<h2>Cours enfants :<\/h2>\n<p><strong>Mercredi<\/strong><br \/>\nde 17h30 \u00e0 18h30 (d\u00e9butants, \u00e0 partir de 7 ans)<br \/>\nde 18h30 \u00e0 19h30 (grad\u00e9s)<\/p>\n<p><strong>Samedi<\/strong><br \/>\nde 14h \u00e0 15h (pour les 5-7 ans)<br \/>\nde 15h \u00e0 16h (d\u00e9butants, \u00e0 partir de 7 ans)<br \/>\nde 16h \u00e0 17h (grad\u00e9s)<\/p>\n<p>Les cours sont assur\u00e9s par Anthony LOZANO 2e DAN<\/p>\n<p>Merci d&rsquo;arriver au vestiaire 15 minutes avant le cours afin d&rsquo;avoir le temps de vous mettre en tenue.<\/p>\n<p>Vous avez \u00e9galement la possibilit\u00e9 de venir aux cours de Nogent, voir le site <a title=\"Karat\u00e9 Club de Nogent\" href=\"http:\/\/www.kcn.fr\/\">http:\/\/www.kcn.fr<\/a> pour plus de renseignements.<\/p>\n","protected":false},"excerpt":{"rendered":"<p>Cours adultes : Lundi et jeudi de 20h15 \u00e0 22h (d\u00e9butants et grad\u00e9s) Les cours sont assur\u00e9s par S\u00e9bastien BONNOT 6e DAN Cours enfants : Mercredi de 17h30 \u00e0 18h30 (d\u00e9butants, \u00e0 partir de 7 ans) de 18h30 \u00e0 19h30 (grad\u00e9s) Samedi de 14h \u00e0 15h (pour les 5-7 ans) de 15h \u00e0 16h (d\u00e9butants, [&hellip;]<\/p>\n","protected":false},"author":1,"featured_media":0,"parent":4,"menu_order":1,"comment_status":"open","ping_status":"open","template":"","meta":{"ngg_post_thumbnail":0,"footnotes":""},"_links":{"self":[{"href":"https:\/\/www.karate-bry.fr\/index.php?rest_route=\/wp\/v2\/pages\/9"}],"collection":[{"href":"https:\/\/www.karate-bry.fr\/index.php?rest_route=\/wp\/v2\/pages"}],"about":[{"href":"https:\/\/www.karate-bry.fr\/index.php?rest_route=\/wp\/v2\/types\/page"}],"author":[{"embeddable":true,"href":"https:\/\/www.karate-bry.fr\/index.php?rest_route=\/wp\/v2\/users\/1"}],"replies":[{"embeddable":true,"href":"https:\/\/www.karate-bry.fr\/index.php?rest_route=%2Fwp%2Fv2%2Fcomments&post=9"}],"version-history":[{"count":8,"href":"https:\/\/www.karate-bry.fr\/index.php?rest_route=\/wp\/v2\/pages\/9\/revisions"}],"predecessor-version":[{"id":981,"href":"https:\/\/www.karate-bry.fr\/index.php?rest_route=\/wp\/v2\/pages\/9\/revisions\/981"}],"up":[{"embeddable":true,"href":"https:\/\/www.karate-bry.fr\/index.php?rest_route=\/wp\/v2\/pages\/4"}],"wp:attachment":[{"href":"https:\/\/www.karate-bry.fr\/index.php?rest_route=%2Fwp%2Fv2%2Fmedia&parent=9"}],"curies":[{"name":"wp","href":"https:\/\/api.w.org\/{rel}","templated":true}]}}